t g(n) = -n**3 + 6*n**2 + 7*n + 3. Let u(h) = 17 + h**3 - 4*h**3 + 11*h**2 + 11*h - 2*h**3 + 6*h**3. Let q be u(-10). What is g(q)?
3
Let y be 4/(-1) - (3 - 10). Let h be y/(-9) + (-80)/(-15). Suppose -2*p + 2 = v - 2, 2*p = -h*v + 4. Let a(s) = 6*s**2 - 2*s - 1. Determine a(p).
19
Let m(p) = -3*p - 6. Let o(g) = -10*g - 17. Let f(b) = -8*m(b) + 3*o(b). Let a(s) = 8*s - 130. Let l be a(16). Determine f(l).
9
Suppose -527*b + 531*b - 20 = 0. Let x(j) = 3*j - 1. Calculate x(b).
14
Let i(r) = 11*r**2 + r - 5. Let b(q) = 11*q**2 + q - 7. Let u be 2/(-3)*(-4 - (2 + 0)). Let v(x) = u*i(x) - 3*b(x). Give v(-1).
11
Let s(h) = h**3 - 14*h**2 + 13*h - 1. Let j = -333 - -346. Calculate s(j).
-1
Suppose 3*b - 4*b + 4*g = -10, -4*g - 4 = -4*b. Let t(z) = 10*z - 1. Let y(x) = -7*x + 1. Let j(k) = 5*t(k) + 7*y(k). Calculate j(b).
0
Let b(x) = x**3 - 5 + 4*x**2 - 4*x - 4*x + x. Suppose 5*i + 3*z = 18, 4*i - z - 17 = -6. Suppose 0 = 3*r - i*m + 6, 2*r + 2 - 7 = 5*m. Determine b(r).
5
Let u(m) = 4 + 2*m + 0 + 7. Let l = -2141 + 2133. Calculate u(l).
-5
Let z(j) = -132 - 6*j + 2*j - j**2 + 0*j**2 + 59 + 79. Give z(-6).
-6
Let q(l) be the first derivative of 1/3*l**3 - 3*l - 3 + l**2. Let k be 3/(-2)*8/(-6). Calculate q(k).
5
Let l(p) = 12*p**2 + 3*p + 0*p - 11*p**2 - 7*p - 3. Let z(b) = 2*b**2 - 9*b + 14. Let j be z(2). Determine l(j).
-3
Let l(g) = -10*g - 18. Let j(r) = -13*r - 22. Let f(n) = -4*j(n) + 5*l(n). Let q = 8 + -3. Determine f(q).
8
Let f(k) = k + 17. Let u(j) = 3*j**3 - 25*j**2 - 18*j - 12. Let y be u(9). Determine f(y).
5
Let q(z) be the third derivative of -z**5/60 + z**4/4 + 5*z**3/6 - 3*z**2. Let g = -9 - -12. Suppose 21 = -0*c + g*c. Determine q(c).
-2
Let f(t) = -t**2 + t. Suppose 0 = -2*k + 6*k - 56. Let w be (4/(-6))/(k/(-21)). Let c(z) = z**3 + z**2 + z - 4. Let b(u) = w*c(u) - 4*f(u). Calculate b(-5).
11
Let b = -20 - -22. Let q = 10 - b. Let d(k) = -k**2 + 7*k + 7. Give d(q).
-1
Let i be ((-4)/3)/(2/(-6)). Suppose -i*v - 38 = 5*z, -5*v + z - 64 = -z. Let a be (-57)/(-18) - (-2)/v. Let y(g) = -2*g**2 + 4*g. What is y(a)?
-6
Let p(w) = -w**2 + 5*w + 7. Let r be p(6). Let b(v) = 1 - 5*v**2 + r + v + 7*v**2 - 3*v**2. Give b(4).
-10
Let w = -8 - -12. Let o(p) = -2 + 4*p - 7*p + w*p - 3*p**2 + 3 + p**3. Let d be ((-28)/(-21))/(2/3). Calculate o(d).
-1
Let t(z) = 3*z**2 + 9*z - 2. Let y be t(-4). Suppose -o = 3*v + 11, o = 2*v + y + 4. Let c(p) = -p**3 + 3*p**2 + 4*p + 5. Give c(o).
5
Let m(i) be the first derivative of i**5/20 + i**4/4 - i**3/6 - 2*i - 1. Let t(b) be the first derivative of m(b). Suppose 31*j = -5 - 88. Calculate t(j).
3
Suppose -14*q - 13*q - 270 = 0. Let d(u) = u**3 + 9*u**2 - 11*u - 11. Calculate d(q).
-1
Let j(t) = -t**2 - 13*t - 38. Let p be j(-4). Let y(l) = -l**2 - 2*l. What is y(p)?
0
Let w(z) = z**2. Let c be (-5 + 0)*(-6)/15. Let b be (c + 0)/2*(-72)/(-24). Calculate w(b).
9
Suppose 4*b = -g, 44*g - b + 15 = 48*g. Let s(p) be the second derivative of p**4/12 - p**3 + 2*p**2 - p. Determine s(g).
-4
Let r(a) = 2*a. Let n(p) = p**3 - 28*p**2 + 23. Let i be n(28). Suppose 5*m = -2 - i. Give r(m).
-10
Let y(m) = -13*m - 70. Let r(t) = 48*t + 279. Let g(b) = 4*r(b) + 15*y(b). Give g(20).
6
Suppose 3*s - 36 = 5*q, 0*s - q = s - 4. Let y(n) = -7*n**2 + 36*n - 26. Let v(k) = 4*k**2 - 20*k + 14. Let b(t) = 5*v(t) + 3*y(t). Determine b(s).
-1
Let g = -4 + 5. Suppose -5*a + g + 4 = 0. Let m(p) = 0 + 5*p - p + 0 - a. Determine m(1).
3
Suppose 3*w = 5*w - 12. Let v(l) = -l**2 - 12*l - 9. Let g(n) = -269*n**2 + 4 + 138*n**2 + 13*n + 5 + 132*n**2. Let b(t) = w*v(t) + 5*g(t). Calculate b(-6).
-3
Let b be (-2)/(-5) + (-1696)/40. Let k be (-1)/(-7) + 342/b. Let y(i) = i + 11. What is y(k)?
3
Let l(c) = 3*c**2 - 5*c. Let p(b) = 2*b**2. Let a(u) = l(u) - 2*p(u). Give a(-5).
0
Let g(y) = -y**3 + y**2 + y + 2. Let j(w) = -24*w**2 + 6*w - 7. Let h be j(2). Let x = 91 + h. Determine g(x).
2
Let y(f) = -f**3 + 10*f**2 + f - 8. Let r be y(10). Let o(t) = r*t**2 - 4*t**3 + 16*t + 2 + 5*t**3 - 13*t. Give o(-2).
-4
Suppose 3*r + 2*r + 5 = 0, -g = r + 5. Let a(o) = -o**3 - 4*o**2 - 4*o - 5. Let n(x) = -2*x**3 - 9*x**2 - 9*x - 10. Let l(j) = g*n(j) + 7*a(j). Determine l(-7).
-2
Let g = -64 + 103. Let f = 40 - g. Let o(a) = -10*a**3 + a - 1. Determine o(f).
-10
Suppose -38*o - 56 = -52*o. Let n(u) = -4*u + 12. What is n(o)?
-4
Suppose 7 = -26*t + 27*t. Let w(k) = 0*k**2 + 13 + t - 19 - k + 2*k**2. What is w(-2)?
11
Suppose 14 = -4*r - 6. Let d(o) = -7*o**2 - 12*o - 7. Let j(s) = 15*s**2 + 25*s + 15. Let p(x) = -13*d(x) - 6*j(x). Determine p(r).
-4
Let y(g) be the first derivative of -3/8*g**4 + 0*g + 9 + 3*g**2 + 1/60*g**5 + 4/3*g**3. Let b(z) be the second derivative of y(z). Calculate b(6).
-10
Let r be -1 - (-2 - -2 - 11). Suppose 2 = -2*z + r. Let p(u) = 4*u**2 + 10*u - 8. Let a(l) = 5*l**2 + 11*l - 10. Let s(d) = 5*a(d) - 6*p(d). Determine s(z).
-6
Let f be (-1)/(58/10 + -6). Let z(c) be the second derivative of -5/12*c**4 - 12*c + 1/20*c**f + 1/2*c**2 + 0 + 1/6*c**3. Give z(5).
6
Let u = 57 - 56. Let n(z) = -3 + z + u + 2 + 2. Calculate n(-6).
-4
Let m(s) = 7*s - 1. Let j(i) = i + 37. Let y be j(-18). Suppose -y = 14*d + 5*d. Calculate m(d).
-8
Let m(x) = -3*x + 1. Let w be (-3 + 7)/2 - -2. Suppose 4*t - 4 = -4*i, w*t + 4 = -3*i + 6. Let k be i + 2 + -7 + 0. What is m(k)?
10
Let h(a) = -a**2 - 6*a. Suppose -7*u - 8 = -5*u. What is h(u)?
8
Let a(m) be the third derivative of m**8/3360 + m**7/2520 + m**4/6 + 4*m**3/3 + 2*m**2 - 8*m. Let v(z) be the second derivative of a(z). Give v(1).
3
Let f(s) be the second derivative of -5*s**3/6 + 14*s**2 + 195*s. What is f(5)?
3
Let j = -284 - -178. Let l = 102 + j. Let o(h) be the third derivative of h**5/60 + h**4/12 - h**3/2 - h**2. Calculate o(l).
5
Let i(l) be the second derivative of -l**4/12 + 2*l**3/3 + l**2 - 14*l - 3. Suppose 2*o - 17 = -7. What is i(o)?
-3
Let b(m) = -6*m**2 - 3*m**2 + m + 7*m**2. Let v(n) = n**3 - 3*n**2 - 3*n. Let i be v(4). Suppose -5*u = i*j - 6, -5*u - 4*j + 7*j = -13. Determine b(u).
-6
Let t = -59 + 53. Let k(x) = 3*x + 11. Let r(b) = 2*b + 10. Let i(w) = 3*k(w) - 4*r(w). Let n(f) = 6. Let z(y) = -2*i(y) - 3*n(y). Give z(t).
8
Let h(l) = l - 2. Suppose 15 + 75 = 5*f. Suppose -2*r = f - 14. What is h(r)?
-4
Suppose 0 = -0*b + 5*b + 5. Let l = -6 - b. Let n(g) = -g**2 - 2*g + 1. Let p(c) = -c**3 - 9*c**2 - 10*c + 1. Let d(h) = -3*n(h) + p(h). Calculate d(l).
-7
Let m(c) be the second derivative of c**3/6 - 2*c**2 - 220*c. Determine m(-4).
-8
Suppose 2*f - f = -1. Let n(i) = 15*i**3 - i**2 + 3 + 8 - 10. Determine n(f).
-15
Suppose -1101*j + 1096*j = 5. Let d(p) be the second derivative of p**4/4 - p**3/6 - p. Calculate d(j).
4
Let o(p) = 11*p + 28. Let a(v) = -18*v - 43. Let t(h) = -5*a(h) - 8*o(h). Give t(7).
5
Let k be 1 + (11 - (-245)/(-21)). Let y(p) be the third derivative of 1/4*p**4 - 1/60*p**5 - k*p**3 - p**2 + 0 + 0*p. Give y(3).
7
Let x be 3/(-1) + 7 - 14. Let b be x*-3*1/6. Let m(s) = s**2 - 6*s + 6. Give m(b).
1
Let m(y) = y**3 + 17*y**2 + 18*y + 17. Suppose -30*p + 33*p - u + 52 = 0, 0 = -p + 3*u - 28. Calculate m(p).
-15
Let b(l) = -l**2 - 7*l - 8. Let m(k) = 2*k**2 + 12*k + 12. Let x(i) = 8*b(i) + 5*m(i). Calculate x(-4).
12
Let r = 23 + -61. Let w = r + 41. Let d(n) = -2*n - 4. What is d(w)?
-10
Let z(q) = -2*q**2 + 4*q - 5. Let r(n) = -6*n - 50. Let i be r(-9). Calculate z(i).
-21
Let m(p) = -p**2 - 2. Let b = -112 - -112. Calculate m(b).
-2
Let w(g) = 6*g**2 - 12*g + 17. Let o(z) = 7*z**2 - 14*z + 20. Let s(l) = 5*o(l) - 6*w(l). Determine s(5).
-17
Let a(z) = -14*z + 2. Let d(t) = -4*t. Let v(w) = a(w) - 3*d(w). Give v(-5).
12
Suppose k + 3*h = -0*k + 9, -5*k + h - 19 = 0. Let z(q) be the third derivative of -q**4/12 - q**3/3 + 76*q**2. What is z(k)?
4
Let d = -215519/120 - -1796. Let q(z) be the third derivative of -1/3*z**4 + 8*z**2 + 1/10*z**5 + 2/3*z**3 - d*z**6 + 0 + 0*z. Give q(5).
-11
Let v(h) = h**3 - 6*h**2 - 7*h - 8. Let j(u) = -2*u**2 - 7*u + 37. Let d be j(-6). Give v(d).
-8
Suppose 3*n - 6 = -0. Suppose 2*k - 2 = -g, 3*k = 5*k + 2*g - n. Let b(h) be the second derivative of h**5/20 - h**4/12 + h**2/2 + 71*h. Give b(k).
1
Let u(o) = 4*o**2 - 2*o - 1. Let a be u(2). Suppose -2*g - 5*v + 6 = -a, g = -4*v + 13. Let i(f) = 8*f**3 + f**2 - 1. Wh